{"id":17416,"date":"2024-03-08T19:10:45","date_gmt":"2024-03-09T00:10:45","guid":{"rendered":"https:\/\/vacancesartsnature.com\/boutique\/?post_type=product&#038;p=17416"},"modified":"2024-06-28T15:29:16","modified_gmt":"2024-06-28T19:29:16","slug":"carte-cadeau","status":"publish","type":"product","link":"https:\/\/vacancesartsnature.com\/boutique\/produit\/carte-cadeau\/","title":{"rendered":"Carte-cadeau"},"content":{"rendered":"<p>La carte-cadeau:<\/p>\n<ul>\n<li>est applicable pour l\u2019inscription \u00e0 n\u2019importe quel atelier \u00e0 la programmation de Vacances Arts Nature;<\/li>\n<li>est non monnayable;<\/li>\n<li>ne peut pas \u00eatre utilis\u00e9e pour payer les frais de mat\u00e9riaux, payables au professeur.<\/li>\n<\/ul>\n<p>La carte-cadeau sera envoy\u00e9e \u00e0 l&rsquo;adresse courriel que vous indiquerez et ce, d\u00e8s r\u00e9ception du paiement.<\/p>\n<p>La tenue d\u2019un atelier est conditionnelle \u00e0 l\u2019obtention d\u2019un nombre suffisant d\u2019inscriptions. En cas d\u2019annulation, la valeur de la carte-cadeau est transf\u00e9rable \u00e0 une inscription \u00e0 un autre atelier, lors de la m\u00eame saison ou lors d\u2019une saison subs\u00e9quente.<\/p>\n","protected":false},"excerpt":{"rendered":"<p>Offrez la cr\u00e9ativit\u00e9 en cadeau. Que ce soit pour un artiste accompli ou pour un cr\u00e9ateur en devenir, Vacances Arts Nature offre des ateliers pour tous les go\u00fbts.<\/p>\n","protected":false},"featured_media":17424,"comment_status":"closed","ping_status":"closed","template":"","meta":{"_acf_changed":false,"_et_pb_use_builder":"","_et_pb_old_content":"","_et_gb_content_width":""},"product_brand":[],"product_cat":[15],"product_tag":[],"class_list":{"0":"post-17416","1":"product","2":"type-product","3":"status-publish","4":"has-post-thumbnail","6":"product_cat-non-classe","8":"first","9":"instock","10":"purchasable","11":"product-type-pw-gift-card"},"acf":[],"yoast_head":"<!-- This site is optimized with the Yoast SEO plugin v27.1.1 - https:\/\/yoast.com\/product\/yoast-seo-wordpress\/ -->\n<title>Carte-cadeau - Boutique Vacances Arts Nature<\/title>\n<meta name=\"robots\" content=\"index, follow, max-snippet:-1, max-image-preview:large, max-video-preview:-1\" \/>\n<link rel=\"canonical\" href=\"https:\/\/vacancesartsnature.com\/boutique\/produit\/carte-cadeau\/\" \/>\n<meta property=\"og:locale\" content=\"fr_CA\" \/>\n<meta property=\"og:type\" content=\"article\" \/>\n<meta property=\"og:title\" content=\"Carte-cadeau - Boutique Vacances Arts Nature\" \/>\n<meta property=\"og:description\" content=\"Offrez la cr\u00e9ativit\u00e9 en cadeau. Que ce soit pour un artiste accompli ou pour un cr\u00e9ateur en devenir, Vacances Arts Nature offre des ateliers pour tous les go\u00fbts.\" \/>\n<meta property=\"og:url\" content=\"https:\/\/vacancesartsnature.com\/boutique\/produit\/carte-cadeau\/\" \/>\n<meta property=\"og:site_name\" content=\"Boutique Vacances Arts Nature\" \/>\n<meta property=\"article:modified_time\" content=\"2024-06-28T19:29:16+00:00\" \/>\n<meta property=\"og:image\" content=\"https:\/\/vacancesartsnature.com\/boutique\/wp-content\/uploads\/sites\/2\/2024\/03\/VAN-logo-rond.png\" \/>\n\t<meta property=\"og:image:width\" content=\"404\" \/>\n\t<meta property=\"og:image:height\" content=\"404\" \/>\n\t<meta property=\"og:image:type\" content=\"image\/png\" \/>\n<meta name=\"twitter:card\" content=\"summary_large_image\" \/>\n<meta name=\"twitter:label1\" content=\"Estimation du temps de lecture\" \/>\n\t<meta name=\"twitter:data1\" content=\"1 minute\" \/>\n<script type=\"application\/ld+json\" class=\"yoast-schema-graph\">{\"@context\":\"https:\/\/schema.org\",\"@graph\":[{\"@type\":\"WebPage\",\"@id\":\"https:\/\/vacancesartsnature.com\/boutique\/produit\/carte-cadeau\/\",\"url\":\"https:\/\/vacancesartsnature.com\/boutique\/produit\/carte-cadeau\/\",\"name\":\"Carte-cadeau - Boutique Vacances Arts Nature\",\"isPartOf\":{\"@id\":\"https:\/\/vacancesartsnature.com\/boutique\/#website\"},\"primaryImageOfPage\":{\"@id\":\"https:\/\/vacancesartsnature.com\/boutique\/produit\/carte-cadeau\/#primaryimage\"},\"image\":{\"@id\":\"https:\/\/vacancesartsnature.com\/boutique\/produit\/carte-cadeau\/#primaryimage\"},\"thumbnailUrl\":\"https:\/\/vacancesartsnature.com\/boutique\/wp-content\/uploads\/sites\/2\/2024\/03\/VAN-logo-rond.png\",\"datePublished\":\"2024-03-09T00:10:45+00:00\",\"dateModified\":\"2024-06-28T19:29:16+00:00\",\"breadcrumb\":{\"@id\":\"https:\/\/vacancesartsnature.com\/boutique\/produit\/carte-cadeau\/#breadcrumb\"},\"inLanguage\":\"fr-CA\",\"potentialAction\":[{\"@type\":\"ReadAction\",\"target\":[\"https:\/\/vacancesartsnature.com\/boutique\/produit\/carte-cadeau\/\"]}]},{\"@type\":\"ImageObject\",\"inLanguage\":\"fr-CA\",\"@id\":\"https:\/\/vacancesartsnature.com\/boutique\/produit\/carte-cadeau\/#primaryimage\",\"url\":\"https:\/\/vacancesartsnature.com\/boutique\/wp-content\/uploads\/sites\/2\/2024\/03\/VAN-logo-rond.png\",\"contentUrl\":\"https:\/\/vacancesartsnature.com\/boutique\/wp-content\/uploads\/sites\/2\/2024\/03\/VAN-logo-rond.png\",\"width\":404,\"height\":404,\"caption\":\"Vacances Arts Nature\"},{\"@type\":\"BreadcrumbList\",\"@id\":\"https:\/\/vacancesartsnature.com\/boutique\/produit\/carte-cadeau\/#breadcrumb\",\"itemListElement\":[{\"@type\":\"ListItem\",\"position\":1,\"name\":\"Accueil\",\"item\":\"https:\/\/vacancesartsnature.com\/boutique\/\"},{\"@type\":\"ListItem\",\"position\":2,\"name\":\"Produits\",\"item\":\"https:\/\/vacancesartsnature.com\/boutique\/\"},{\"@type\":\"ListItem\",\"position\":3,\"name\":\"Carte-cadeau\"}]},{\"@type\":\"WebSite\",\"@id\":\"https:\/\/vacancesartsnature.com\/boutique\/#website\",\"url\":\"https:\/\/vacancesartsnature.com\/boutique\/\",\"name\":\"Boutique Vacances Arts Nature\",\"description\":\"Ateliers d&#039;art et m\u00e9tiers d&#039;art, \u00c9cole d&#039;\u00e9t\u00e9\",\"potentialAction\":[{\"@type\":\"SearchAction\",\"target\":{\"@type\":\"EntryPoint\",\"urlTemplate\":\"https:\/\/vacancesartsnature.com\/boutique\/?s={search_term_string}\"},\"query-input\":{\"@type\":\"PropertyValueSpecification\",\"valueRequired\":true,\"valueName\":\"search_term_string\"}}],\"inLanguage\":\"fr-CA\"}]}<\/script>\n<!-- \/ Yoast SEO plugin. -->","yoast_head_json":{"title":"Carte-cadeau - Boutique Vacances Arts Nature","robots":{"index":"index","follow":"follow","max-snippet":"max-snippet:-1","max-image-preview":"max-image-preview:large","max-video-preview":"max-video-preview:-1"},"canonical":"https:\/\/vacancesartsnature.com\/boutique\/produit\/carte-cadeau\/","og_locale":"fr_CA","og_type":"article","og_title":"Carte-cadeau - Boutique Vacances Arts Nature","og_description":"Offrez la cr\u00e9ativit\u00e9 en cadeau. Que ce soit pour un artiste accompli ou pour un cr\u00e9ateur en devenir, Vacances Arts Nature offre des ateliers pour tous les go\u00fbts.","og_url":"https:\/\/vacancesartsnature.com\/boutique\/produit\/carte-cadeau\/","og_site_name":"Boutique Vacances Arts Nature","article_modified_time":"2024-06-28T19:29:16+00:00","og_image":[{"width":404,"height":404,"url":"https:\/\/vacancesartsnature.com\/boutique\/wp-content\/uploads\/sites\/2\/2024\/03\/VAN-logo-rond.png","type":"image\/png"}],"twitter_card":"summary_large_image","twitter_misc":{"Estimation du temps de lecture":"1 minute"},"schema":{"@context":"https:\/\/schema.org","@graph":[{"@type":"WebPage","@id":"https:\/\/vacancesartsnature.com\/boutique\/produit\/carte-cadeau\/","url":"https:\/\/vacancesartsnature.com\/boutique\/produit\/carte-cadeau\/","name":"Carte-cadeau - Boutique Vacances Arts Nature","isPartOf":{"@id":"https:\/\/vacancesartsnature.com\/boutique\/#website"},"primaryImageOfPage":{"@id":"https:\/\/vacancesartsnature.com\/boutique\/produit\/carte-cadeau\/#primaryimage"},"image":{"@id":"https:\/\/vacancesartsnature.com\/boutique\/produit\/carte-cadeau\/#primaryimage"},"thumbnailUrl":"https:\/\/vacancesartsnature.com\/boutique\/wp-content\/uploads\/sites\/2\/2024\/03\/VAN-logo-rond.png","datePublished":"2024-03-09T00:10:45+00:00","dateModified":"2024-06-28T19:29:16+00:00","breadcrumb":{"@id":"https:\/\/vacancesartsnature.com\/boutique\/produit\/carte-cadeau\/#breadcrumb"},"inLanguage":"fr-CA","potentialAction":[{"@type":"ReadAction","target":["https:\/\/vacancesartsnature.com\/boutique\/produit\/carte-cadeau\/"]}]},{"@type":"ImageObject","inLanguage":"fr-CA","@id":"https:\/\/vacancesartsnature.com\/boutique\/produit\/carte-cadeau\/#primaryimage","url":"https:\/\/vacancesartsnature.com\/boutique\/wp-content\/uploads\/sites\/2\/2024\/03\/VAN-logo-rond.png","contentUrl":"https:\/\/vacancesartsnature.com\/boutique\/wp-content\/uploads\/sites\/2\/2024\/03\/VAN-logo-rond.png","width":404,"height":404,"caption":"Vacances Arts Nature"},{"@type":"BreadcrumbList","@id":"https:\/\/vacancesartsnature.com\/boutique\/produit\/carte-cadeau\/#breadcrumb","itemListElement":[{"@type":"ListItem","position":1,"name":"Accueil","item":"https:\/\/vacancesartsnature.com\/boutique\/"},{"@type":"ListItem","position":2,"name":"Produits","item":"https:\/\/vacancesartsnature.com\/boutique\/"},{"@type":"ListItem","position":3,"name":"Carte-cadeau"}]},{"@type":"WebSite","@id":"https:\/\/vacancesartsnature.com\/boutique\/#website","url":"https:\/\/vacancesartsnature.com\/boutique\/","name":"Boutique Vacances Arts Nature","description":"Ateliers d&#039;art et m\u00e9tiers d&#039;art, \u00c9cole d&#039;\u00e9t\u00e9","potentialAction":[{"@type":"SearchAction","target":{"@type":"EntryPoint","urlTemplate":"https:\/\/vacancesartsnature.com\/boutique\/?s={search_term_string}"},"query-input":{"@type":"PropertyValueSpecification","valueRequired":true,"valueName":"search_term_string"}}],"inLanguage":"fr-CA"}]}},"_links":{"self":[{"href":"https:\/\/vacancesartsnature.com\/boutique\/wp-json\/wp\/v2\/product\/17416","targetHints":{"allow":["GET"]}}],"collection":[{"href":"https:\/\/vacancesartsnature.com\/boutique\/wp-json\/wp\/v2\/product"}],"about":[{"href":"https:\/\/vacancesartsnature.com\/boutique\/wp-json\/wp\/v2\/types\/product"}],"replies":[{"embeddable":true,"href":"https:\/\/vacancesartsnature.com\/boutique\/wp-json\/wp\/v2\/comments?post=17416"}],"wp:featuredmedia":[{"embeddable":true,"href":"https:\/\/vacancesartsnature.com\/boutique\/wp-json\/wp\/v2\/media\/17424"}],"wp:attachment":[{"href":"https:\/\/vacancesartsnature.com\/boutique\/wp-json\/wp\/v2\/media?parent=17416"}],"wp:term":[{"taxonomy":"product_brand","embeddable":true,"href":"https:\/\/vacancesartsnature.com\/boutique\/wp-json\/wp\/v2\/product_brand?post=17416"},{"taxonomy":"product_cat","embeddable":true,"href":"https:\/\/vacancesartsnature.com\/boutique\/wp-json\/wp\/v2\/product_cat?post=17416"},{"taxonomy":"product_tag","embeddable":true,"href":"https:\/\/vacancesartsnature.com\/boutique\/wp-json\/wp\/v2\/product_tag?post=17416"}],"curies":[{"name":"wp","href":"https:\/\/api.w.org\/{rel}","templated":true}]}}