{"id":17949,"date":"2025-02-25T18:45:17","date_gmt":"2025-02-25T23:45:17","guid":{"rendered":"https:\/\/vacancesartsnature.com\/boutique\/?page_id=17949"},"modified":"2025-03-09T11:36:15","modified_gmt":"2025-03-09T15:36:15","slug":"rapport-des-ventes","status":"publish","type":"page","link":"https:\/\/vacancesartsnature.com\/boutique\/rapport-des-ventes\/","title":{"rendered":"Rapport des ventes"},"content":{"rendered":"","protected":false},"excerpt":{"rendered":"","protected":false},"author":1,"featured_media":0,"parent":0,"menu_order":0,"comment_status":"closed","ping_status":"closed","template":"","meta":{"_acf_changed":false,"_et_pb_use_builder":"on","_et_pb_old_content":"","_et_gb_content_width":"","footnotes":""},"class_list":["post-17949","page","type-page","status-publish","hentry"],"acf":[],"yoast_head":"<!-- This site is optimized with the Yoast SEO plugin v27.1.1 - https:\/\/yoast.com\/product\/yoast-seo-wordpress\/ -->\n<title>Rapport des ventes - Boutique Vacances Arts Nature<\/title>\n<meta name=\"robots\" content=\"index, nofollow, max-snippet:-1, max-image-preview:large, max-video-preview:-1\" \/>\n<link rel=\"canonical\" href=\"https:\/\/vacancesartsnature.com\/boutique\/rapport-des-ventes\/\" \/>\n<meta property=\"og:locale\" content=\"fr_CA\" \/>\n<meta property=\"og:type\" content=\"article\" \/>\n<meta property=\"og:title\" content=\"Rapport des ventes - Boutique Vacances Arts Nature\" \/>\n<meta property=\"og:url\" content=\"https:\/\/vacancesartsnature.com\/boutique\/rapport-des-ventes\/\" \/>\n<meta property=\"og:site_name\" content=\"Boutique Vacances Arts Nature\" \/>\n<meta property=\"article:modified_time\" content=\"2025-03-09T15:36:15+00:00\" \/>\n<meta name=\"twitter:card\" content=\"summary_large_image\" \/>\n<script type=\"application\/ld+json\" class=\"yoast-schema-graph\">{\"@context\":\"https:\/\/schema.org\",\"@graph\":[{\"@type\":\"WebPage\",\"@id\":\"https:\/\/vacancesartsnature.com\/boutique\/rapport-des-ventes\/\",\"url\":\"https:\/\/vacancesartsnature.com\/boutique\/rapport-des-ventes\/\",\"name\":\"Rapport des ventes - Boutique Vacances Arts Nature\",\"isPartOf\":{\"@id\":\"https:\/\/vacancesartsnature.com\/boutique\/#website\"},\"datePublished\":\"2025-02-25T23:45:17+00:00\",\"dateModified\":\"2025-03-09T15:36:15+00:00\",\"breadcrumb\":{\"@id\":\"https:\/\/vacancesartsnature.com\/boutique\/rapport-des-ventes\/#breadcrumb\"},\"inLanguage\":\"fr-CA\",\"potentialAction\":[{\"@type\":\"ReadAction\",\"target\":[\"https:\/\/vacancesartsnature.com\/boutique\/rapport-des-ventes\/\"]}]},{\"@type\":\"BreadcrumbList\",\"@id\":\"https:\/\/vacancesartsnature.com\/boutique\/rapport-des-ventes\/#breadcrumb\",\"itemListElement\":[{\"@type\":\"ListItem\",\"position\":1,\"name\":\"Accueil\",\"item\":\"https:\/\/vacancesartsnature.com\/boutique\/\"},{\"@type\":\"ListItem\",\"position\":2,\"name\":\"Rapport des ventes\"}]},{\"@type\":\"WebSite\",\"@id\":\"https:\/\/vacancesartsnature.com\/boutique\/#website\",\"url\":\"https:\/\/vacancesartsnature.com\/boutique\/\",\"name\":\"Boutique Vacances Arts Nature\",\"description\":\"Ateliers d&#039;art et m\u00e9tiers d&#039;art, \u00c9cole d&#039;\u00e9t\u00e9\",\"potentialAction\":[{\"@type\":\"SearchAction\",\"target\":{\"@type\":\"EntryPoint\",\"urlTemplate\":\"https:\/\/vacancesartsnature.com\/boutique\/?s={search_term_string}\"},\"query-input\":{\"@type\":\"PropertyValueSpecification\",\"valueRequired\":true,\"valueName\":\"search_term_string\"}}],\"inLanguage\":\"fr-CA\"}]}<\/script>\n<!-- \/ Yoast SEO plugin. -->","yoast_head_json":{"title":"Rapport des ventes - Boutique Vacances Arts Nature","robots":{"index":"index","follow":"nofollow","max-snippet":"max-snippet:-1","max-image-preview":"max-image-preview:large","max-video-preview":"max-video-preview:-1"},"canonical":"https:\/\/vacancesartsnature.com\/boutique\/rapport-des-ventes\/","og_locale":"fr_CA","og_type":"article","og_title":"Rapport des ventes - Boutique Vacances Arts Nature","og_url":"https:\/\/vacancesartsnature.com\/boutique\/rapport-des-ventes\/","og_site_name":"Boutique Vacances Arts Nature","article_modified_time":"2025-03-09T15:36:15+00:00","twitter_card":"summary_large_image","schema":{"@context":"https:\/\/schema.org","@graph":[{"@type":"WebPage","@id":"https:\/\/vacancesartsnature.com\/boutique\/rapport-des-ventes\/","url":"https:\/\/vacancesartsnature.com\/boutique\/rapport-des-ventes\/","name":"Rapport des ventes - Boutique Vacances Arts Nature","isPartOf":{"@id":"https:\/\/vacancesartsnature.com\/boutique\/#website"},"datePublished":"2025-02-25T23:45:17+00:00","dateModified":"2025-03-09T15:36:15+00:00","breadcrumb":{"@id":"https:\/\/vacancesartsnature.com\/boutique\/rapport-des-ventes\/#breadcrumb"},"inLanguage":"fr-CA","potentialAction":[{"@type":"ReadAction","target":["https:\/\/vacancesartsnature.com\/boutique\/rapport-des-ventes\/"]}]},{"@type":"BreadcrumbList","@id":"https:\/\/vacancesartsnature.com\/boutique\/rapport-des-ventes\/#breadcrumb","itemListElement":[{"@type":"ListItem","position":1,"name":"Accueil","item":"https:\/\/vacancesartsnature.com\/boutique\/"},{"@type":"ListItem","position":2,"name":"Rapport des ventes"}]},{"@type":"WebSite","@id":"https:\/\/vacancesartsnature.com\/boutique\/#website","url":"https:\/\/vacancesartsnature.com\/boutique\/","name":"Boutique Vacances Arts Nature","description":"Ateliers d&#039;art et m\u00e9tiers d&#039;art, \u00c9cole d&#039;\u00e9t\u00e9","potentialAction":[{"@type":"SearchAction","target":{"@type":"EntryPoint","urlTemplate":"https:\/\/vacancesartsnature.com\/boutique\/?s={search_term_string}"},"query-input":{"@type":"PropertyValueSpecification","valueRequired":true,"valueName":"search_term_string"}}],"inLanguage":"fr-CA"}]}},"_links":{"self":[{"href":"https:\/\/vacancesartsnature.com\/boutique\/wp-json\/wp\/v2\/pages\/17949","targetHints":{"allow":["GET"]}}],"collection":[{"href":"https:\/\/vacancesartsnature.com\/boutique\/wp-json\/wp\/v2\/pages"}],"about":[{"href":"https:\/\/vacancesartsnature.com\/boutique\/wp-json\/wp\/v2\/types\/page"}],"author":[{"embeddable":true,"href":"https:\/\/vacancesartsnature.com\/boutique\/wp-json\/wp\/v2\/users\/1"}],"replies":[{"embeddable":true,"href":"https:\/\/vacancesartsnature.com\/boutique\/wp-json\/wp\/v2\/comments?post=17949"}],"version-history":[{"count":2,"href":"https:\/\/vacancesartsnature.com\/boutique\/wp-json\/wp\/v2\/pages\/17949\/revisions"}],"predecessor-version":[{"id":17951,"href":"https:\/\/vacancesartsnature.com\/boutique\/wp-json\/wp\/v2\/pages\/17949\/revisions\/17951"}],"wp:attachment":[{"href":"https:\/\/vacancesartsnature.com\/boutique\/wp-json\/wp\/v2\/media?parent=17949"}],"curies":[{"name":"wp","href":"https:\/\/api.w.org\/{rel}","templated":true}]}}